{"id":22659,"date":"2024-03-01T15:27:05","date_gmt":"2024-03-01T14:27:05","guid":{"rendered":"https:\/\/www.regieducroset.ch\/immo\/?post_type=estate_property&#038;p=22659"},"modified":"2025-09-23T15:50:48","modified_gmt":"2025-09-23T13:50:48","slug":"places-de-parc-interieures-disponibles-au-centre-ville","status":"publish","type":"estate_property","link":"https:\/\/www.regieducroset.ch\/immo\/estate_property\/places-de-parc-interieures-disponibles-au-centre-ville\/","title":{"rendered":"Places de parc int\u00e9rieures disponibles au centre ville"},"content":{"rendered":"<p>Espaces de stationnement disponibles dans le parking souterrain d&rsquo;un immeuble sis \u00e0 l&rsquo;Avenue de Rumine 37 \u00e0 Lausanne.<\/p>\n<p>&nbsp;<\/p>\n<p>Accessibilit\u00e9 24H\/24H &#8211; 7\/7.<\/p>\n<p>&nbsp;<\/p>\n<p>Tarif mensuel CHF 250.-\/unit\u00e9.<\/p>\n<p>&nbsp;<\/p>\n<p>Pour tout renseignement compl\u00e9mentaire : service commercial 021 695 22 76 ou commercial@regieducroset.ch.<\/p>\n","protected":false},"excerpt":{"rendered":"<p>Espaces de stationnement disponibles dans le parking souterrain d&rsquo;un immeuble sis \u00e0 l&rsquo;Avenue de Rumine 37 \u00e0 Lausanne. &nbsp; Accessibilit\u00e9 24H\/24H &#8211; 7\/7. &nbsp; Tarif mensuel CHF 250.-\/unit\u00e9. &nbsp; Pour tout renseignement compl\u00e9mentaire : service commercial 021 695 22 76 ou commercial@regieducroset.ch.<\/p>\n","protected":false},"featured_media":22662,"comment_status":"open","ping_status":"closed","template":"","property_category":[113],"property_action_category":[36],"property_city":[47],"property_area":[],"property_county_state":[48],"property_features":[],"property_status":[],"class_list":["post-22659","estate_property","type-estate_property","status-publish","has-post-thumbnail","hentry","property_category-places-de-parc","property_action_category-locations","property_city-lausanne","property_county_state-canton-de-vaud"],"acf":[],"yoast_head":"<!-- This site is optimized with the Yoast SEO plugin v23.7 - https:\/\/yoast.com\/wordpress\/plugins\/seo\/ -->\n<title>Places de parc int\u00e9rieures disponibles au centre ville - R\u00e9gie du Croset<\/title>\n<meta name=\"robots\" content=\"index, follow, max-snippet:-1, max-image-preview:large, max-video-preview:-1\" \/>\n<link rel=\"canonical\" href=\"https:\/\/www.regieducroset.ch\/immo\/estate_property\/places-de-parc-interieures-disponibles-au-centre-ville\/\" \/>\n<meta property=\"og:locale\" content=\"fr_FR\" \/>\n<meta property=\"og:type\" content=\"article\" \/>\n<meta property=\"og:title\" content=\"Places de parc int\u00e9rieures disponibles au centre ville - R\u00e9gie du Croset\" \/>\n<meta property=\"og:description\" content=\"Espaces de stationnement disponibles dans le parking souterrain d&rsquo;un immeuble sis \u00e0 l&rsquo;Avenue de Rumine 37 \u00e0 Lausanne. &nbsp; Accessibilit\u00e9 24H\/24H &#8211; 7\/7. &nbsp; Tarif mensuel CHF 250.-\/unit\u00e9. &nbsp; Pour tout renseignement compl\u00e9mentaire : service commercial 021 695 22 76 ou commercial@regieducroset.ch.\" \/>\n<meta property=\"og:url\" content=\"https:\/\/www.regieducroset.ch\/immo\/estate_property\/places-de-parc-interieures-disponibles-au-centre-ville\/\" \/>\n<meta property=\"og:site_name\" content=\"R\u00e9gie du Croset\" \/>\n<meta property=\"article:publisher\" content=\"https:\/\/www.facebook.com\/RegieDuCroset\" \/>\n<meta property=\"article:modified_time\" content=\"2025-09-23T13:50:48+00:00\" \/>\n<meta property=\"og:image\" content=\"https:\/\/www.regieducroset.ch\/immo\/wp\/wp-content\/uploads\/2024\/03\/34-scaled.jpg\" \/>\n\t<meta property=\"og:image:width\" content=\"2560\" \/>\n\t<meta property=\"og:image:height\" content=\"1920\" \/>\n\t<meta property=\"og:image:type\" content=\"image\/jpeg\" \/>\n<meta name=\"twitter:card\" content=\"summary_large_image\" \/>\n<script type=\"application\/ld+json\" class=\"yoast-schema-graph\">{\"@context\":\"https:\/\/schema.org\",\"@graph\":[{\"@type\":\"WebPage\",\"@id\":\"https:\/\/www.regieducroset.ch\/immo\/estate_property\/places-de-parc-interieures-disponibles-au-centre-ville\/\",\"url\":\"https:\/\/www.regieducroset.ch\/immo\/estate_property\/places-de-parc-interieures-disponibles-au-centre-ville\/\",\"name\":\"Places de parc int\u00e9rieures disponibles au centre ville - R\u00e9gie du Croset\",\"isPartOf\":{\"@id\":\"https:\/\/www.regieducroset.ch\/immo\/#website\"},\"primaryImageOfPage\":{\"@id\":\"https:\/\/www.regieducroset.ch\/immo\/estate_property\/places-de-parc-interieures-disponibles-au-centre-ville\/#primaryimage\"},\"image\":{\"@id\":\"https:\/\/www.regieducroset.ch\/immo\/estate_property\/places-de-parc-interieures-disponibles-au-centre-ville\/#primaryimage\"},\"thumbnailUrl\":\"https:\/\/www.regieducroset.ch\/immo\/wp\/wp-content\/uploads\/2024\/03\/34-scaled.jpg\",\"datePublished\":\"2024-03-01T14:27:05+00:00\",\"dateModified\":\"2025-09-23T13:50:48+00:00\",\"breadcrumb\":{\"@id\":\"https:\/\/www.regieducroset.ch\/immo\/estate_property\/places-de-parc-interieures-disponibles-au-centre-ville\/#breadcrumb\"},\"inLanguage\":\"fr-FR\",\"potentialAction\":[{\"@type\":\"ReadAction\",\"target\":[\"https:\/\/www.regieducroset.ch\/immo\/estate_property\/places-de-parc-interieures-disponibles-au-centre-ville\/\"]}]},{\"@type\":\"ImageObject\",\"inLanguage\":\"fr-FR\",\"@id\":\"https:\/\/www.regieducroset.ch\/immo\/estate_property\/places-de-parc-interieures-disponibles-au-centre-ville\/#primaryimage\",\"url\":\"https:\/\/www.regieducroset.ch\/immo\/wp\/wp-content\/uploads\/2024\/03\/34-scaled.jpg\",\"contentUrl\":\"https:\/\/www.regieducroset.ch\/immo\/wp\/wp-content\/uploads\/2024\/03\/34-scaled.jpg\",\"width\":2560,\"height\":1920},{\"@type\":\"BreadcrumbList\",\"@id\":\"https:\/\/www.regieducroset.ch\/immo\/estate_property\/places-de-parc-interieures-disponibles-au-centre-ville\/#breadcrumb\",\"itemListElement\":[{\"@type\":\"ListItem\",\"position\":1,\"name\":\"Accueil\",\"item\":\"https:\/\/www.regieducroset.ch\/immo\/\"},{\"@type\":\"ListItem\",\"position\":2,\"name\":\"Propri\u00e9t\u00e9s\",\"item\":\"https:\/\/www.regieducroset.ch\/immo\/estate_property\/\"},{\"@type\":\"ListItem\",\"position\":3,\"name\":\"Places de parc int\u00e9rieures disponibles au centre ville\"}]},{\"@type\":\"WebSite\",\"@id\":\"https:\/\/www.regieducroset.ch\/immo\/#website\",\"url\":\"https:\/\/www.regieducroset.ch\/immo\/\",\"name\":\"R\u00e9gie du Croset\",\"description\":\"La R\u00e9gie du Croset S.A. vous accompagne depuis 1980 dans la gestion de votre patrimoine immobilier, dans tout l&#039;arc l\u00e9manique.\",\"publisher\":{\"@id\":\"https:\/\/www.regieducroset.ch\/immo\/#organization\"},\"potentialAction\":[{\"@type\":\"SearchAction\",\"target\":{\"@type\":\"EntryPoint\",\"urlTemplate\":\"https:\/\/www.regieducroset.ch\/immo\/?s={search_term_string}\"},\"query-input\":{\"@type\":\"PropertyValueSpecification\",\"valueRequired\":true,\"valueName\":\"search_term_string\"}}],\"inLanguage\":\"fr-FR\"},{\"@type\":\"Organization\",\"@id\":\"https:\/\/www.regieducroset.ch\/immo\/#organization\",\"name\":\"R\u00e9gie du Croset\",\"url\":\"https:\/\/www.regieducroset.ch\/immo\/\",\"logo\":{\"@type\":\"ImageObject\",\"inLanguage\":\"fr-FR\",\"@id\":\"https:\/\/www.regieducroset.ch\/immo\/#\/schema\/logo\/image\/\",\"url\":\"https:\/\/www.regieducroset.ch\/immo\/wp\/wp-content\/uploads\/2019\/06\/logo-final-white-bg.png\",\"contentUrl\":\"https:\/\/www.regieducroset.ch\/immo\/wp\/wp-content\/uploads\/2019\/06\/logo-final-white-bg.png\",\"width\":500,\"height\":256,\"caption\":\"R\u00e9gie du Croset\"},\"image\":{\"@id\":\"https:\/\/www.regieducroset.ch\/immo\/#\/schema\/logo\/image\/\"},\"sameAs\":[\"https:\/\/www.facebook.com\/RegieDuCroset\"]}]}<\/script>\n<!-- \/ Yoast SEO plugin. -->","yoast_head_json":{"title":"Places de parc int\u00e9rieures disponibles au centre ville - R\u00e9gie du Croset","robots":{"index":"index","follow":"follow","max-snippet":"max-snippet:-1","max-image-preview":"max-image-preview:large","max-video-preview":"max-video-preview:-1"},"canonical":"https:\/\/www.regieducroset.ch\/immo\/estate_property\/places-de-parc-interieures-disponibles-au-centre-ville\/","og_locale":"fr_FR","og_type":"article","og_title":"Places de parc int\u00e9rieures disponibles au centre ville - R\u00e9gie du Croset","og_description":"Espaces de stationnement disponibles dans le parking souterrain d&rsquo;un immeuble sis \u00e0 l&rsquo;Avenue de Rumine 37 \u00e0 Lausanne. &nbsp; Accessibilit\u00e9 24H\/24H &#8211; 7\/7. &nbsp; Tarif mensuel CHF 250.-\/unit\u00e9. &nbsp; Pour tout renseignement compl\u00e9mentaire : service commercial 021 695 22 76 ou commercial@regieducroset.ch.","og_url":"https:\/\/www.regieducroset.ch\/immo\/estate_property\/places-de-parc-interieures-disponibles-au-centre-ville\/","og_site_name":"R\u00e9gie du Croset","article_publisher":"https:\/\/www.facebook.com\/RegieDuCroset","article_modified_time":"2025-09-23T13:50:48+00:00","og_image":[{"width":2560,"height":1920,"url":"https:\/\/www.regieducroset.ch\/immo\/wp\/wp-content\/uploads\/2024\/03\/34-scaled.jpg","type":"image\/jpeg"}],"twitter_card":"summary_large_image","schema":{"@context":"https:\/\/schema.org","@graph":[{"@type":"WebPage","@id":"https:\/\/www.regieducroset.ch\/immo\/estate_property\/places-de-parc-interieures-disponibles-au-centre-ville\/","url":"https:\/\/www.regieducroset.ch\/immo\/estate_property\/places-de-parc-interieures-disponibles-au-centre-ville\/","name":"Places de parc int\u00e9rieures disponibles au centre ville - R\u00e9gie du Croset","isPartOf":{"@id":"https:\/\/www.regieducroset.ch\/immo\/#website"},"primaryImageOfPage":{"@id":"https:\/\/www.regieducroset.ch\/immo\/estate_property\/places-de-parc-interieures-disponibles-au-centre-ville\/#primaryimage"},"image":{"@id":"https:\/\/www.regieducroset.ch\/immo\/estate_property\/places-de-parc-interieures-disponibles-au-centre-ville\/#primaryimage"},"thumbnailUrl":"https:\/\/www.regieducroset.ch\/immo\/wp\/wp-content\/uploads\/2024\/03\/34-scaled.jpg","datePublished":"2024-03-01T14:27:05+00:00","dateModified":"2025-09-23T13:50:48+00:00","breadcrumb":{"@id":"https:\/\/www.regieducroset.ch\/immo\/estate_property\/places-de-parc-interieures-disponibles-au-centre-ville\/#breadcrumb"},"inLanguage":"fr-FR","potentialAction":[{"@type":"ReadAction","target":["https:\/\/www.regieducroset.ch\/immo\/estate_property\/places-de-parc-interieures-disponibles-au-centre-ville\/"]}]},{"@type":"ImageObject","inLanguage":"fr-FR","@id":"https:\/\/www.regieducroset.ch\/immo\/estate_property\/places-de-parc-interieures-disponibles-au-centre-ville\/#primaryimage","url":"https:\/\/www.regieducroset.ch\/immo\/wp\/wp-content\/uploads\/2024\/03\/34-scaled.jpg","contentUrl":"https:\/\/www.regieducroset.ch\/immo\/wp\/wp-content\/uploads\/2024\/03\/34-scaled.jpg","width":2560,"height":1920},{"@type":"BreadcrumbList","@id":"https:\/\/www.regieducroset.ch\/immo\/estate_property\/places-de-parc-interieures-disponibles-au-centre-ville\/#breadcrumb","itemListElement":[{"@type":"ListItem","position":1,"name":"Accueil","item":"https:\/\/www.regieducroset.ch\/immo\/"},{"@type":"ListItem","position":2,"name":"Propri\u00e9t\u00e9s","item":"https:\/\/www.regieducroset.ch\/immo\/estate_property\/"},{"@type":"ListItem","position":3,"name":"Places de parc int\u00e9rieures disponibles au centre ville"}]},{"@type":"WebSite","@id":"https:\/\/www.regieducroset.ch\/immo\/#website","url":"https:\/\/www.regieducroset.ch\/immo\/","name":"R\u00e9gie du Croset","description":"La R\u00e9gie du Croset S.A. vous accompagne depuis 1980 dans la gestion de votre patrimoine immobilier, dans tout l&#039;arc l\u00e9manique.","publisher":{"@id":"https:\/\/www.regieducroset.ch\/immo\/#organization"},"potentialAction":[{"@type":"SearchAction","target":{"@type":"EntryPoint","urlTemplate":"https:\/\/www.regieducroset.ch\/immo\/?s={search_term_string}"},"query-input":{"@type":"PropertyValueSpecification","valueRequired":true,"valueName":"search_term_string"}}],"inLanguage":"fr-FR"},{"@type":"Organization","@id":"https:\/\/www.regieducroset.ch\/immo\/#organization","name":"R\u00e9gie du Croset","url":"https:\/\/www.regieducroset.ch\/immo\/","logo":{"@type":"ImageObject","inLanguage":"fr-FR","@id":"https:\/\/www.regieducroset.ch\/immo\/#\/schema\/logo\/image\/","url":"https:\/\/www.regieducroset.ch\/immo\/wp\/wp-content\/uploads\/2019\/06\/logo-final-white-bg.png","contentUrl":"https:\/\/www.regieducroset.ch\/immo\/wp\/wp-content\/uploads\/2019\/06\/logo-final-white-bg.png","width":500,"height":256,"caption":"R\u00e9gie du Croset"},"image":{"@id":"https:\/\/www.regieducroset.ch\/immo\/#\/schema\/logo\/image\/"},"sameAs":["https:\/\/www.facebook.com\/RegieDuCroset"]}]}},"_links":{"self":[{"href":"https:\/\/www.regieducroset.ch\/immo\/wp-json\/wp\/v2\/estate_property\/22659"}],"collection":[{"href":"https:\/\/www.regieducroset.ch\/immo\/wp-json\/wp\/v2\/estate_property"}],"about":[{"href":"https:\/\/www.regieducroset.ch\/immo\/wp-json\/wp\/v2\/types\/estate_property"}],"replies":[{"embeddable":true,"href":"https:\/\/www.regieducroset.ch\/immo\/wp-json\/wp\/v2\/comments?post=22659"}],"wp:featuredmedia":[{"embeddable":true,"href":"https:\/\/www.regieducroset.ch\/immo\/wp-json\/wp\/v2\/media\/22662"}],"wp:attachment":[{"href":"https:\/\/www.regieducroset.ch\/immo\/wp-json\/wp\/v2\/media?parent=22659"}],"wp:term":[{"taxonomy":"property_category","embeddable":true,"href":"https:\/\/www.regieducroset.ch\/immo\/wp-json\/wp\/v2\/property_category?post=22659"},{"taxonomy":"property_action_category","embeddable":true,"href":"https:\/\/www.regieducroset.ch\/immo\/wp-json\/wp\/v2\/property_action_category?post=22659"},{"taxonomy":"property_city","embeddable":true,"href":"https:\/\/www.regieducroset.ch\/immo\/wp-json\/wp\/v2\/property_city?post=22659"},{"taxonomy":"property_area","embeddable":true,"href":"https:\/\/www.regieducroset.ch\/immo\/wp-json\/wp\/v2\/property_area?post=22659"},{"taxonomy":"property_county_state","embeddable":true,"href":"https:\/\/www.regieducroset.ch\/immo\/wp-json\/wp\/v2\/property_county_state?post=22659"},{"taxonomy":"property_features","embeddable":true,"href":"https:\/\/www.regieducroset.ch\/immo\/wp-json\/wp\/v2\/property_features?post=22659"},{"taxonomy":"property_status","embeddable":true,"href":"https:\/\/www.regieducroset.ch\/immo\/wp-json\/wp\/v2\/property_status?post=22659"}],"curies":[{"name":"wp","href":"https:\/\/api.w.org\/{rel}","templated":true}]}}

Places de parc intérieures disponibles au centre ville

<p>Espaces de stationnement disponibles dans le parking souterrain d&rsquo;un immeuble sis à l&rsquo;Avenue de Rumine 37 à Lausanne.</p>
<p>&nbsp;</p>
<p>Accessibilité 24H/24H &#8211; 7/7.</p>
<p>&nbsp;</p>
<p>Tarif mensuel CHF 250.-/unité.</p>
<p>&nbsp;</p>
<p>Pour tout renseignement complémentaire : service commercial 021 695 22 76 ou commercial@regieducroset.ch.</p>

<p>Espaces de stationnement disponibles dans le parking souterrain d&rsquo;un immeuble sis à l&rsquo;Avenue de Rumine 37 à Lausanne. &nbsp; Accessibilité 24H/24H &#8211; 7/7. &nbsp; Tarif mensuel CHF 250.-/unité. &nbsp; Pour tout renseignement complémentaire : service commercial 021 695 22 76 ou commercial@regieducroset.ch.</p>

<!-- This site is optimized with the Yoast SEO plugin v23.7 - https://yoast.com/wordpress/plugins/seo/ -->
<title>Places de parc intérieures disponibles au centre ville - Régie du Croset</title>
<meta name="robots" content="index, follow, max-snippet:-1, max-image-preview:large, max-video-preview:-1" />
<link rel="canonical" href="https://www.regieducroset.ch/immo/estate_property/places-de-parc-interieures-disponibles-au-centre-ville/" />
<meta property="og:locale" content="fr_FR" />
<meta property="og:type" content="article" />
<meta property="og:title" content="Places de parc intérieures disponibles au centre ville - Régie du Croset" />
<meta property="og:description" content="Espaces de stationnement disponibles dans le parking souterrain d&rsquo;un immeuble sis à l&rsquo;Avenue de Rumine 37 à Lausanne. &nbsp; Accessibilité 24H/24H &#8211; 7/7. &nbsp; Tarif mensuel CHF 250.-/unité. &nbsp; Pour tout renseignement complémentaire : service commercial 021 695 22 76 ou commercial@regieducroset.ch." />
<meta property="og:url" content="https://www.regieducroset.ch/immo/estate_property/places-de-parc-interieures-disponibles-au-centre-ville/" />
<meta property="og:site_name" content="Régie du Croset" />
<meta property="article:publisher" content="https://www.facebook.com/RegieDuCroset" />
<meta property="article:modified_time" content="2025-09-23T13:50:48+00:00" />
<meta property="og:image" content="https://www.regieducroset.ch/immo/wp/wp-content/uploads/2024/03/34-scaled.jpg" />
	<meta property="og:image:width" content="2560" />
	<meta property="og:image:height" content="1920" />
	<meta property="og:image:type" content="image/jpeg" />
<meta name="twitter:card" content="summary_large_image" />
<script type="application/ld+json" class="yoast-schema-graph">{"@context":"https://schema.org","@graph":[{"@type":"WebPage","@id":"https://www.regieducroset.ch/immo/estate_property/places-de-parc-interieures-disponibles-au-centre-ville/","url":"https://www.regieducroset.ch/immo/estate_property/places-de-parc-interieures-disponibles-au-centre-ville/","name":"Places de parc intérieures disponibles au centre ville - Régie du Croset","isPartOf":{"@id":"https://www.regieducroset.ch/immo/#website"},"primaryImageOfPage":{"@id":"https://www.regieducroset.ch/immo/estate_property/places-de-parc-interieures-disponibles-au-centre-ville/#primaryimage"},"image":{"@id":"https://www.regieducroset.ch/immo/estate_property/places-de-parc-interieures-disponibles-au-centre-ville/#primaryimage"},"thumbnailUrl":"https://www.regieducroset.ch/immo/wp/wp-content/uploads/2024/03/34-scaled.jpg","datePublished":"2024-03-01T14:27:05+00:00","dateModified":"2025-09-23T13:50:48+00:00","breadcrumb":{"@id":"https://www.regieducroset.ch/immo/estate_property/places-de-parc-interieures-disponibles-au-centre-ville/#breadcrumb"},"inLanguage":"fr-FR","potentialAction":[{"@type":"ReadAction","target":["https://www.regieducroset.ch/immo/estate_property/places-de-parc-interieures-disponibles-au-centre-ville/"]}]},{"@type":"ImageObject","inLanguage":"fr-FR","@id":"https://www.regieducroset.ch/immo/estate_property/places-de-parc-interieures-disponibles-au-centre-ville/#primaryimage","url":"https://www.regieducroset.ch/immo/wp/wp-content/uploads/2024/03/34-scaled.jpg","contentUrl":"https://www.regieducroset.ch/immo/wp/wp-content/uploads/2024/03/34-scaled.jpg","width":2560,"height":1920},{"@type":"BreadcrumbList","@id":"https://www.regieducroset.ch/immo/estate_property/places-de-parc-interieures-disponibles-au-centre-ville/#breadcrumb","itemListElement":[{"@type":"ListItem","position":1,"name":"Accueil","item":"https://www.regieducroset.ch/immo/"},{"@type":"ListItem","position":2,"name":"Propriétés","item":"https://www.regieducroset.ch/immo/estate_property/"},{"@type":"ListItem","position":3,"name":"Places de parc intérieures disponibles au centre ville"}]},{"@type":"WebSite","@id":"https://www.regieducroset.ch/immo/#website","url":"https://www.regieducroset.ch/immo/","name":"Régie du Croset","description":"La Régie du Croset S.A. vous accompagne depuis 1980 dans la gestion de votre patrimoine immobilier, dans tout l&#039;arc lémanique.","publisher":{"@id":"https://www.regieducroset.ch/immo/#organization"},"potentialAction":[{"@type":"SearchAction","target":{"@type":"EntryPoint","urlTemplate":"https://www.regieducroset.ch/immo/?s={search_term_string}"},"query-input":{"@type":"PropertyValueSpecification","valueRequired":true,"valueName":"search_term_string"}}],"inLanguage":"fr-FR"},{"@type":"Organization","@id":"https://www.regieducroset.ch/immo/#organization","name":"Régie du Croset","url":"https://www.regieducroset.ch/immo/","logo":{"@type":"ImageObject","inLanguage":"fr-FR","@id":"https://www.regieducroset.ch/immo/#/schema/logo/image/","url":"https://www.regieducroset.ch/immo/wp/wp-content/uploads/2019/06/logo-final-white-bg.png","contentUrl":"https://www.regieducroset.ch/immo/wp/wp-content/uploads/2019/06/logo-final-white-bg.png","width":500,"height":256,"caption":"Régie du Croset"},"image":{"@id":"https://www.regieducroset.ch/immo/#/schema/logo/image/"},"sameAs":["https://www.facebook.com/RegieDuCroset"]}]}</script>
<!-- / Yoast SEO plugin. -->

Places de parc intérieures disponibles au centre ville - Régie du Croset

Espaces de stationnement disponibles dans le parking souterrain d&rsquo;un immeuble sis à l&rsquo;Avenue de Rumine 37 à Lausanne. &nbsp; Accessibilité 24H/24H &#8211; 7/7. &nbsp; Tarif mensuel CHF 250.-/unité. &nbsp; Pour tout renseignement complémentaire : service commercial 021 695 22 76 ou commercial@regieducroset.ch.

Régie du Croset

Propriétés

La Régie du Croset S.A. vous accompagne depuis 1980 dans la gestion de votre patrimoine immobilier, dans tout l&#039;arc lémanique.
